{"id":8,"date":"2020-12-10T19:19:21","date_gmt":"2020-12-10T18:19:21","guid":{"rendered":"https:\/\/detipatridomu.cz\/skola\/dashboard\/"},"modified":"2020-12-10T23:23:25","modified_gmt":"2020-12-10T22:23:25","slug":"nastenka","status":"publish","type":"page","link":"https:\/\/detipatridomu.cz\/skola\/nastenka\/","title":{"rendered":"N\u00e1st\u011bnka"},"content":{"rendered":"<div class=\"lifterlms\"><div class=\"llms-student-dashboard dashboard llms-sd-layout-columns\" data-current=\"dashboard\">\n\n\n<div class=\"llms-person-login-form-wrapper\">\n\n\t<form action=\"\" class=\"llms-login\" method=\"POST\">\n\n\t\t<h2 class=\"llms-form-heading\">p\u0159ihla\u0161te se<\/h2>\n\n\t\t<div class=\"llms-form-fields\">\n\n\t\t\t\n\t\t\t\t\t\t\t<div class=\"llms-form-field type-text llms-cols-6 llms-is-required\"><label for=\"llms_login\">U\u017eivatelsk\u00e9 jm\u00e9no nebo e-mailov\u00e1 adresa<span class=\"llms-required\">*<\/span><\/label><input class=\"llms-field-input\" id=\"llms_login\" name=\"llms_login\" required=\"required\" type=\"text\" \/><\/div>\t\t\t\t\t\t\t<div class=\"llms-form-field type-password llms-cols-6 llms-cols-last llms-is-required\"><label for=\"llms_password\">Heslo<span class=\"llms-required\">*<\/span><\/label><input class=\"llms-field-input\" id=\"llms_password\" name=\"llms_password\" required=\"required\" type=\"password\" \/><div class=\"llms-visibility-toggle\"><button type=\"button\" class=\"llms-button-plain hide-if-no-js\" data-toggle=\"1\"><i class=\"fa fa-eye\"><\/i> <span class=\"llms-visibility-toggle-state\">Show Password<\/span><\/button><\/div><\/div><div class=\"clear\"><\/div>\t\t\t\t\t\t\t<div class=\"llms-form-field type-submit llms-cols-3\"><button class=\"llms-field-button llms-button-action\" id=\"llms_login_button\" name=\"llms_login_button\" type=\"submit\" value=\"p\u0159ihla\u0161te se\">p\u0159ihla\u0161te se<\/button><\/div>\t\t\t\t\t\t\t<div class=\"llms-form-field type-checkbox llms-cols-6\"><input class=\"llms-field-checkbox\" id=\"llms_remember\" name=\"llms_remember\" type=\"checkbox\" \/><label for=\"llms_remember\">Zapamatovat si m\u011b<\/label><\/div>\t\t\t\t\t\t\t<div class=\"llms-form-field type-html llms-cols-3 llms-cols-last align-right\"><div class=\"llms-field-html\" id=\"llms_lost_password\"><\/div><span class=\"llms-description\"><a href=\"https:\/\/detipatridomu.cz\/skola\/reset-password\/\">Zapom\u011bl jsi sv\u00e9 heslo?<\/a><\/span><\/div><div class=\"clear\"><\/div>\t\t\t\n\t\t\t<input type=\"hidden\" id=\"_llms_login_user_nonce\" name=\"_llms_login_user_nonce\" value=\"9271753d5d\" \/><input type=\"hidden\" name=\"_wp_http_referer\" value=\"\/skola\/wp-json\/wp\/v2\/pages\/8\" \/>\t\t\t<input type=\"hidden\" name=\"redirect\" value=\"https:\/\/detipatridomu.cz\/skola\/nastenka\/\" \/>\n\t\t\t<input type=\"hidden\" name=\"action\" value=\"llms_login_user\" \/>\n\n\t\t\t\n\t\t<\/div>\n\n\t<\/form>\n\n<\/div>\n\n<\/div><!-- .llms-student-dashboard --><\/div>\n","protected":false},"excerpt":{"rendered":"","protected":false},"author":1,"featured_media":0,"parent":0,"menu_order":0,"comment_status":"closed","ping_status":"closed","template":"","meta":{"footnotes":""},"class_list":["post-8","page","type-page","status-publish","hentry"],"jetpack_sharing_enabled":true,"_links":{"self":[{"href":"https:\/\/detipatridomu.cz\/skola\/wp-json\/wp\/v2\/pages\/8","targetHints":{"allow":["GET"]}}],"collection":[{"href":"https:\/\/detipatridomu.cz\/skola\/wp-json\/wp\/v2\/pages"}],"about":[{"href":"https:\/\/detipatridomu.cz\/skola\/wp-json\/wp\/v2\/types\/page"}],"author":[{"embeddable":true,"href":"https:\/\/detipatridomu.cz\/skola\/wp-json\/wp\/v2\/users\/1"}],"replies":[{"embeddable":true,"href":"https:\/\/detipatridomu.cz\/skola\/wp-json\/wp\/v2\/comments?post=8"}],"version-history":[{"count":1,"href":"https:\/\/detipatridomu.cz\/skola\/wp-json\/wp\/v2\/pages\/8\/revisions"}],"predecessor-version":[{"id":156,"href":"https:\/\/detipatridomu.cz\/skola\/wp-json\/wp\/v2\/pages\/8\/revisions\/156"}],"wp:attachment":[{"href":"https:\/\/detipatridomu.cz\/skola\/wp-json\/wp\/v2\/media?parent=8"}],"curies":[{"name":"wp","href":"https:\/\/api.w.org\/{rel}","templated":true}]}}