{"id":7,"date":"2020-12-10T19:19:21","date_gmt":"2020-12-10T18:19:21","guid":{"rendered":"https:\/\/detipatridomu.cz\/skola\/purchase\/"},"modified":"2020-12-10T23:24:34","modified_gmt":"2020-12-10T22:24:34","slug":"nakup","status":"publish","type":"page","link":"https:\/\/detipatridomu.cz\/skola\/nakup\/","title":{"rendered":"N\u00e1kup"},"content":{"rendered":"<div class=\"lifterlms\"><div class=\"llms-checkout-wrapper\">V\u00e1\u0161 ko\u0161\u00edk je moment\u00e1ln\u011b pr\u00e1zdn\u00fd. Za\u010dn\u011bte kliknut\u00edm <a href=\"https:\/\/detipatridomu.cz\/skola\/kurzy-2\/\">sem<\/a>.<\/div><!-- .llms-checkout-wrapper --><\/div>\n","protected":false},"excerpt":{"rendered":"","protected":false},"author":1,"featured_media":0,"parent":0,"menu_order":0,"comment_status":"closed","ping_status":"closed","template":"","meta":{"footnotes":""},"class_list":["post-7","page","type-page","status-publish","hentry"],"jetpack_sharing_enabled":true,"_links":{"self":[{"href":"https:\/\/detipatridomu.cz\/skola\/wp-json\/wp\/v2\/pages\/7","targetHints":{"allow":["GET"]}}],"collection":[{"href":"https:\/\/detipatridomu.cz\/skola\/wp-json\/wp\/v2\/pages"}],"about":[{"href":"https:\/\/detipatridomu.cz\/skola\/wp-json\/wp\/v2\/types\/page"}],"author":[{"embeddable":true,"href":"https:\/\/detipatridomu.cz\/skola\/wp-json\/wp\/v2\/users\/1"}],"replies":[{"embeddable":true,"href":"https:\/\/detipatridomu.cz\/skola\/wp-json\/wp\/v2\/comments?post=7"}],"version-history":[{"count":2,"href":"https:\/\/detipatridomu.cz\/skola\/wp-json\/wp\/v2\/pages\/7\/revisions"}],"predecessor-version":[{"id":159,"href":"https:\/\/detipatridomu.cz\/skola\/wp-json\/wp\/v2\/pages\/7\/revisions\/159"}],"wp:attachment":[{"href":"https:\/\/detipatridomu.cz\/skola\/wp-json\/wp\/v2\/media?parent=7"}],"curies":[{"name":"wp","href":"https:\/\/api.w.org\/{rel}","templated":true}]}}